base 4?
-1200033
What is 44400 (base 5) in base 16?
c1c
What is -399 (base 10) in base 15?
-1b9
1c893 (base 14) to base 7
422643
15177 (base 9) to base 16
2875
18c (base 13) to base 9
346
What is -10aa (base 12) in base 3?
-2112211
18444 (base 11) to base 14
95a5
What is 767 (base 14) in base 11?
1110
4761 (base 13) to base 8
23502
4cf9 (base 16) to base 15
5c8a
What is 3031321 (base 5) in base 13?
19393
Convert -690 (base 12) to base 10.
-972
-2ab50 (base 12) to base 8
-165754
203444 (base 7) to base 5
2103441
What is 200 (base 5) in base 11?
46
bc5 (base 14) to base 6
14441
Convert 2006 (base 7) to base 9.
848
Convert -34c4 (base 14) to base 10.
-9188
What is 20524 (base 6) in base 8?
5344
Convert -18b3 (base 15) to base 6.
-40423
-1011000111 (base 2) to base 12
-4b3
2179 (base 16) to base 15
2814
Convert 4447 (base 9) to base 10.
3283
What is 200000 (base 3) in base 9?
600
Convert -6155 (base 11) to base 6.
-101451
-2b6 (base 16) to base 3
-221201
-2885 (base 13) to base 9
-8025
Convert -101100111001000 (base 2) to base 10.
-22984
What is -13b (base 13) in base 2?
-11011011
Convert 70 (base 11) to base 4.
1031
-a7 (base 15) to base 3
-12211
-c2 (base 16) to base 6
-522
57552 (base 9) to base 10
38360
-727 (base 8) to base 16
-1d7
What is 47 (base 8) in base 15?
29
What is -1111110001 (base 2) in base 9?
-1341
Convert -21df (base 16) to base 13.
-3c40
What is -3399 (base 16) in base 14?
-4b57
What is 10000111000000 (base 2) in base 9?
12760
-101212 (base 3) to base 15
-148
What is 1212220 (base 3) in base 5?
20444
Convert -1242 (base 13) to base 10.
-2589
26738 (base 9) to base 12
a582
Convert 101010110011010 (base 2) to base 7.
120614
What is -20222 (base 4) in base 16?
-22a
-1786 (base 9) to base 3
-1212220
-145035 (base 6) to base 13
-652a
6a8 (base 12) to base 13
5b4
-1130 (base 11) to base 2
-10111001101
What is 1146 (base 7) in base 3?
120210
What is -1020002011 (base 3) in base 11?
-17133
Convert -11011 (base 3) to base 12.
-94
-5e5 (base 16) to base 13
-8c1
Convert 404 (base 9) to base 4.
11020
What is -31412 (base 6) in base 8?
-10240
Convert 431 (base 8) to base 2.
100011001
-1352 (base 8) to base 11
-619
What is 1433 (base 6) in base 15?
1a6
What is -36697 (base 10) in base 14?
-d533
Convert -23b3 (base 15) to base 2.
-1110110101001
10131 (base 7) to base 9
3346
Convert -a4 (base 15) to base 16.
-9a
Convert -352 (base 12) to base 4.
-13232
Convert 9699 (base 11) to base 5.
402223
What is -10110101 (base 2) in base 8?
-265
Convert -28d (base 16) to base 12.
-465
-27294 (base 11) to base 8
-114040
-522 (base 12) to base 9
-1018
Convert b616 (base 13) to base 11.
17a2a
What is -118 (base 12) in base 15?
-ae
2dd (base 16) to base 11
607
What is b06 (base 13) in base 9?
2502
What is 906 (base 12) in base 7?
3540
What is 3b8 (base 14) in base 13?
459
Convert 127a (base 11) to base 7.
4561
Convert 31b2 (base 13) to base 16.
1af9
1001001101 (base 2) to base 8
1115
-21332232 (base 4) to base 7
-230115
Convert 10100010100 (base 2) to base 3.
1210011
11001111011 (base 2) to base 14
867
Convert 79 (base 14) to base 15.
72
-21a (base 12) to base 8
-466
Convert -37a (base 14) to base 3.
-221210
Convert 353a (base 12) to base 9.
8141
What is -100431 (base 5) in base 4?
-302221
112011 (base 4) to base 5
21123
Convert 2422 (base 6) to base 16.
24e
What is 14163 (base 7) in base 12?
22a3
What is 199 (base 11) in base 6?
1021
Convert -300322 (base 5) to base 12.
-5586
Convert -2742 (base 9) to base 12.
-123b
Convert -180 (base 14) to base 4.
-10310
16823 (base 14) to base 12
28827
3e5c (base 15) to base 7
53646
What is -253b (base 13) in base 15?
-1879
What is -2000001 (base 3) in base 11?
-1107
Convert 2121200 (base 3) to base 2.
11101110100
What is 141411 (base 5) in base 11?
4444
414 (base 7) to base 9
250
-44d5 (base 14) to base 8
-27253
-54 (base 14) to base 7
-134
-3a1 (base 11) to base 16
-1da
Convert -14143 (base 5) to base 11.
-977
Convert 177 (base 11) to base 2.
11001101
Convert 59 (base 10) to base 3.
2012
What is 13440 (base 5) in base 15?
4ea
-101412 (base 5) to base 3
-11121100
Convert -10754 (base 9) to base 13.
-3361
Convert 4b48 (base 12) to base 3.
102201202
Convert 88 (base 14) to base 15.
80
What is 19 (base 12) in base 11?
1a
Convert -34101 (base 6) to base 11.
-3664
Convert 41021 (base 5) to base 13.
127a
What is 3666 (base 7) in base 13?
816
730 (base 11) to base 4
31300
What is 1100111001 (base 3) in base 4?
12133210
What is -44014 (base 5) in base 4?
-233001
What is 1543 (base 10) in base 9?
2104
What is -b8 (base 15) in base 6?
-445
What is -81 (base 12) in base 7?
-166
16174 (base 11) to base 10
22829
What is -1144 (base 14) in base 8?
-5670
What is -2a77 (base 13) in base 3?
-22110222
-10111110111100 (base 2) to base 7
-50425
16231 (base 7) to base 2
1000111100011
Convert 2257 (base 15) to base 9.
10881
-3231 (base 4) to base 2
-11101101
Convert ce (base 16) to base 2.
11001110
What is -1214 (base 8) in base 16?
-28c
What is 1264 (base 16) in base 15?
15dd
2030031 (base 4) to base 15
29d3
-312100 (base 4) to base 5
-102342
What is 10100110101 (base 2) in base 12?
931
Convert -1110133 (base 4) to base 10.
-5407
-11010001110000 (base 2) to base 12
-7928
Convert 40a3 (base 16) to base 15.
4d82
Convert -6b4 (base 13) to base 9.
-1530
What is 1212021 (base 3) in base 5?
20412
301313 (base 4) to base 3
11101012
Convert 112 (base 5) to base 10.
32
What is -1122212 (base 3) in base 15?
-55b
What is 5b (base 14) in base 12?
69
What is -ab7b (base 13) in base 14?
-8a15
Convert -a953 (base 15) to base 8.
-106015
What is 117 (base 16) in base 7?
546
What is 3331 (base 5) in base 10?
466
-10332 (base 4) to base 10
-318
Convert -201110 (base 3) to base 11.
-438
Convert 44330 (base 5) to base 14.
11aa
What is 114120 (base 5) in base 3?
12212201
Convert -12021210 (base 3) to base 9.
-5253
What is -10565 (base 8) in base 6?
-32405
Convert 5016 (base 7) to base 12.
1000
Convert b59 (base 15) to base 4.
213333
What is 24462 (base 7) in base 15?
1d79
Convert -23113 (base 4) to base 12.
-507
Convert 337d (base 14) to base 7.
35016
Convert 2202100 (base 3) to base 5.
31012
What is 3175 (base 9) in base 8?
4440
-4164 (base 8) to base 14
-b08
1bb (base 13) to base 5
2243
What is -587 (base 9) in base 2?
-111100100
-1023023 (base 4) to base 8
-11313
Convert -33b6 (base 14) to base 2.
-10001100010100
-1111111001001 (base 2) to base 9
-12141
What is 203300 (base 4) in base 13?
1070
What is -382 (base 16) in base 14?
-482
Convert -22156 (base 7) to base 2.
-1010111001010
1109 (base 10) to base 6
5045
Convert 134505 (base 9) to base 3.
11011120012
Convert -137a (base 12) to base 6.
-14234
49287 (base 10) to base 8
140207
Convert -12cb (base 16) to base 15.
-165b
Convert -526 (base 7) to base 15.
-12a
What is 425 (base 8) in base 12?
1b1
Convert -222312 (base 5) to base 10.
-7832
-48688 (base 9) to base 10
-32642
Convert -13233 (base 7) to base 11.
-273a
Convert -6144 (base 10) to base 16.
-1800
Convert -387 (base 10) to base 7.
-1062
What is -82d (base 16) in base 13?
-c50
Convert -40163 (base 10) to base 12.
-1b2ab
What is -12320 (base 4) in base 10?
-440
What is -1755 (base 16) in base 10?
-5973
What is -2628 (base 10) in base 5?
-41003
What is 220 (base 8) in base 4?
2100
What is 110323 (base 4) in base 14?
6b9
What is -543 (base 14) in base 16?
-40f
Convert -607 (base 13) to base 5.
-13041
-6552 (base 9) to base 4
-1023122
What is 102113 (base 4) in base 12?
81b
511 (base 11) to base 4
21221
Convert -17413 (base 13) to base 9.
-67201
Convert 1550 (base 7) to base 4.
21233
Convert -10422 (base 5) to base 8.
-1341
511 (base 14) to base 2
1111100011
What is 12410 (base 5) in base 7?
2600
What is 523b (base 12) in base 16?
230f
-18c3 (base 15) to base 13
-2592
What is -29 (base 14) in base 6?
-101
Convert -114565 (base 7) to base 2.
-101000110001000
What is -2200122101 (base 3) in base 7?
-310252
22022 (base 4) to base 8
1212
-231012 (base 4) to base 6
-21210
22401 (base 5) to base 2
11001000001
Convert 11311 (base 8) to base 2.
1001011001001
Convert 1b1 (base 12) to base 9.
337
Convert -1100110 (base 3) to base 14.
-504
What is -3038 (base 10) in base 2?
-101111011110
Convert 12044 (base 6) to base 5.
24011
-2774 (base 9) to base 15
-947
-1370